2*p - 5*p = 0. Let u(x) = 4*x + 20. Let m be u(p). What is the tens digit of ((m/12)/(-5))/(4/(-624))?
5
Let b(u) = 2*u + 17. Let h be (13 + 1)*1/(-2). Let m(v) = 3*v + 17. Let j(q) = h*b(q) + 6*m(q). What is the tens digit of j(15)?
4
Suppose 9*s + 729284 = 26*s + 6*s. What is the ten thousands digit of s?
3
Let v(k) = 5*k**2 - 11*k + 13. Let n = -151 - -71. Let m be n/(-14) + (-4)/(-14). What is the units digit of v(m)?
7
Let f(g) = -39*g - 4. Let r be f(0). What is the hundreds digit of (-692)/(r/(-4) + -3)?
3
What is the thousands digit of (-98)/196*(-11835 - (1 - -2))?
5
What is the thousands digit of (625692/(-414))/((-2 - -1)/24)?
6
Let g be (-144)/(-12)*(-3)/6. What is the hundreds digit of (g - -1) + (4 - -1012) + -5?
0
Suppose 0 = -112*z + 121*z - 86994. Suppose z = 17*r - 3033. What is the tens digit of r?
4
Let g = 12298 + -6948. What is the tens digit of g?
5
Suppose 1400 = 38*w - 18*w. What is the hundreds digit of (-11138)/(-18) - w/(-315)?
6
Let p(v) = -v - 83. Let o be p(0). Let c(f) = f**3 + 5*f**2 - 33*f - 121. Let i be c(-4). Let a = i - o. What is the units digit of a?
0
Suppose -3*b - b + 300 = 0. Let s = 75 - b. Let o = s - -27. What is the tens digit of o?
2
Let i(l) = 2*l - 57. Let z be i(10). Let w = -20 - -28. What is the hundreds digit of (w + -14)*z/2?
1
Let v be 9*(((-40)/(-15))/(-4) + 1). Suppose 416 = q + v*a, -3*q - 2*a + 605 = -678. What is the hundreds digit of q?
4
Suppose 4*v + 3*k - 11969 = -2318, 2*v = -2*k + 4826. What is the tens digit of 3 + v/4 + -1 + 0?
0
Let l = 38799 - -33451. What is the ten thousands digit of l?
7
Suppose 5*l - 109786 = 2*j, -8261 = 3*l + 3*j - 74162. What is the tens digit of l?
6
Let x = -44491 - -98709. What is the tens digit of x?
1
Let q(l) = -l**3 + 26*l**2 + 11*l + 9. Let m be q(14). Let d be m/(-40) + (-2)/16. Let y = d + 126. What is the units digit of y?
3
What is the hundreds digit of (61 + 19146)/(3/(-9) + 4/3)?
2
Let p(f) = -5*f**3 - 17*f**2 + 33*f + 53. What is the hundreds digit of p(-14)?
9
Let s be (-2)/(6/6*-1). What is the hundreds digit of 286 - (s - (-6 + 3))?
2
Let c be 3/(-5) - (60434/(-10))/(-11). Let u = -128 - c. What is the hundreds digit of u?
4
Let k(g) = -g**2 - g + 14. Let y be k(0). Let x(j) = 3*j - 33. Let u be x(y). What is the units digit of u/((-1)/((-104)/12))?
8
Let q = -5 + 8. Suppose -43*z + 40*z + 123 = b, -257 = -2*b + 5*z. Suppose b + 252 = q*k. What is the tens digit of k?
2
Suppose 4*c = 2*p - 0*p - 2620, 3*p = -4*c + 3920. Suppose -p = -49*r + 46*r. What is the units digit of r?
6
Let m(j) = -15*j**2 - 6*j + 3. Let w(o) = 7*o**2 + 3*o - 1. Let h(p) = 4*m(p) + 9*w(p). Let i be h(-1). Suppose i*z = -4*z + 546. What is the units digit of z?
8
Let i = 48 + -16. Let z = i - 32. Suppose z = 13*c - 726 + 271. What is the units digit of c?
5
Let o be (-26)/39 - 4/(-6) - -10620. Suppose 6*p - 15*p = o. What is the tens digit of (-1)/(-4) + p/(-80)?
1
Let o(s) = -8*s**3 - 12*s**2 + s + 22. What is the tens digit of o(-14)?
0
Let t(h) = h**3 + 3*h**2 - 20*h - 31. Let x be t(-6). What is the hundreds digit of 5/1 - (-402 - x)?
3
What is the ten thousands digit of -255235*11/(-11)*3/15?
5
Let g be (-5)/(-15)*(-9)/6*0. Let u be 11/11 - (-211 + g). What is the units digit of (6 + -9)*u/(-12)?
3
What is the ten thousands digit of (113121/(-2))/(-9)*(-18 - -1 - -21)?
2
Suppose -5*f + 2*f = -3*m - 81, 0 = -f + 4*m + 21. Suppose 0 = 2*i - h - f, 3*i - 5 = -3*h + 52. Suppose -i*z = -11*z - 55. What is the tens digit of z?
1
Suppose -3*x + 40823 = 4*k, 2*x = -3*k + 6410 + 24209. What is the ten thousands digit of k?
1
Let f(d) = 6368*d - 445. What is the units digit of f(5)?
5
Suppose 95743 = -30*c + 234286 + 136737. What is the hundreds digit of c?
1
Let g = -107 + 111. Suppose 1265 = g*p - 1275. What is the hundreds digit of p?
6
Let g(a) = 7*a**2 + 7*a + 2. Let o(y) = 6*y**2 + 6*y + 1. Let k(p) = -4*g(p) + 5*o(p). Let x be k(-3). Suppose -2*r + 154 = x*r. What is the tens digit of r?
1
Let s(h) = 326*h**2 - 7*h - 38. What is the units digit of s(4)?
0
Suppose 8*v = 81712 + 416. What is the units digit of v?
6
What is the hundreds digit of (-20626)/17*(-3417)/402?
3
Suppose 5*q + 8 = 8. Suppose q*i + 5*i = -4*i. What is the units digit of 50 + i + (-2)/2?
9
Suppose -72*v = -182848 - 97664. What is the units digit of v?
6
Suppose 6*i + 698 + 1798 = 0. Let x = i + 694. Let b = x - 50. What is the tens digit of b?
2
Let d be 2/12 + -2 + 85/(-6). Let u be -9*(-212)/d*(-1 + -3). Suppose 83*x = 80*x + u. What is the hundreds digit of x?
1
Suppose 0 = 5*u - 2*l - 51153 - 67121, 3*u - 70949 = -l. What is the tens digit of u?
5
Let b(o) = 12*o**2 - 21*o - 17. Let x be b(-5). Let h = x - 175. What is the units digit of h?
3
Let u(z) = -3*z - 74. Let b be u(-22). What is the tens digit of 3 + 26/b + 6867/12?
7
Let m(a) = 189*a**2 + 2 - 115*a**2 - 6*a + 0*a. What is the thousands digit of m(-4)?
1
Suppose -2*m - 42 = -4*m. Suppose c + 504 = -5*n, -n - 78 = 2*c + m. Let r = n + 155. What is the units digit of r?
4
Let b be 1*2*(-7 + (-25)/(-2)). Suppose 0 = 4*y - 63 + b. Suppose -y*o + 12*o = -160. What is the units digit of o?
0
Let o(a) = a + 6. Let x be o(-3). Suppose 4*c - 9 = x. Suppose -p = -c*d - 2*d - 101, -3*p - 3*d + 285 = 0. What is the tens digit of p?
9
What is the units digit of (10/(-3))/(8/3498)*(-344)/215?
2
Let i be 6/(-39) + 90056/(-52). What is the units digit of 5 + 7/(-28)*i?
8
Let z = 229 - 229. Suppose z = 13*n - 7830 + 1304. What is the tens digit of n?
0
Let j = 42964 - 29946. What is the units digit of j?
8
Let z(y) = 3499*y**3 + 22*y**2 - 48*y. What is the ten thousands digit of z(2)?
2
Suppose 4*f = 4*q - 234 - 318, -414 = -3*q - 3*f. Suppose -5*g + 20 = 5*a, 15 = -0*a - 5*a. Let i = q + g. What is the tens digit of i?
4
Suppose -4*p = p - 35. Let o = 6 - p. What is the units digit of 1 + 1 - 2 - 35/o?
5
Suppose 0 = 4*l - 5*p - 197, 2*l - 121 + 21 = 4*p. Suppose -6*i = 666 - l. Let x = i + 148. What is the tens digit of x?
4
Let j(a) = -a**2 + 18*a - 13. Let i be j(17). Suppose 0*q + 3*q = 12. Suppose 180 - 65 = n + i*w, -2*n + 222 = q*w. What is the units digit of n?
7
Let w(c) = -20*c + 33. Let k(t) = -19*t + 34. Let b(s) = 5*k(s) - 4*w(s). Let v be b(19). What is the tens digit of 2 - (v - 20/4)?
5
Let f(t) = t**3 + 31*t**2 + 37*t - 63. Let k be f(-27). Suppose -5*s - 4385 = -5*c, -3*s + 104 - k = -2*c. What is the tens digit of c?
8
Suppose 5*o + 5 = 0, 0*q - 4*q - 6 = 2*o. Suppose r - 2*r - 3 = -4*b, 2*r - 6 = -4*b. What is the units digit of (-3 - q) + b/(5/890)?
6
Let b(o) = -3*o + 10 + 2*o - o**2 + 5*o - 2*o. Let p be b(6). What is the tens digit of 3672/42 + (-8)/p?
8
Suppose -2*z + 20 = 4*p, 2*z + 5*p - 4 = 17. Let g(y) = 1 - 21 + 3*y - 4 + 8*y. What is the tens digit of g(z)?
6
Let z = -15046 + 48154. What is the units digit of z?
8
Let m = 423 + -412. What is the tens digit of (-88704)/(-80) - (m/(-5) - -2)?
0
Let a(j) = -19*j - 40. Suppose -3*c = -231 + 39. Suppose 0 = -5*g - q - c, -q = -2*g - g - 32. What is the hundreds digit of a(g)?
1
Suppose -3 = -4*w + 21. Let u be (-268 + w/2)*-1. Let n = 441 - u. What is the units digit of n?
6
Suppose -3*p = 5*a - 205, 3*p - 4*a = 2*p + 91. Let u = p - 60. Suppose u*r = r + 3192. What is the units digit of r?
8
Let m(a) = -87*a + 35. Let q = 72 - 77. What is the tens digit of m(q)?
7
Let m(z) = 74*z**2 - 2*z - 1. Let j = 38 + -35. Let h be (-4)/j - 6/(-18). What is the units digit of m(h)?
5
Let y be (-4)/(-7) - (-1132)/28. Let c = y + 106. Suppose -c = -3*w + 102. What is the tens digit of w?
8
Let m be ((-7)/(-22) - 6/(-33))*-28. Let x = m + 19. Suppose -x*t + 136 = -t. What is the tens digit of t?
3
Suppose 8*f - 9*f = -8. Suppose -2*p = -14 + f. What is the units digit of p?
3
Let u be (-2)/8 + (-2)/(-8). Suppose 2*i = 4*b, -5*b + 20 = -u. Suppose i = j + 3. What is the units digit of j?
5
Let n(m) = 58*m**2 + 47*m + 105. What is the thousands digit of n(-9)?
4
Suppose 230*o = 232*o - 3*z - 15, 3*o - z = 19. Suppose 4*y - 1765 = -y. Suppose o*t - 2*t + 2*a = 282, 5*t - y = -2*a. What is the tens digit of t?
7
Let c be 94/6 + 84/(-18) + 5. Suppose 0 = 8*d - 3*d + 2*w + 6, -4*d - c = -4*w. What is the tens digit of ((-1)/d)/(7/1316)?
9
Suppose 89*i - 517344 = -7*i. What is t